(n) = 33*n**2 - 693*n - 10. Let u be i(21). Determine v(u).
12
Let a(g) = 6283*g - 6295*g - 9 + 11 - 18. Calculate a(-2).
8
Suppose -7*v + 8*v - 39 = 0. Let k = v - 33. Let l(f) = 1 - 15 - 15*f + k*f + 10*f. Determine l(7).
-7
Let o(p) = -p**3 - 9*p**2 + 4*p - 67. Let c be o(-10). Let v(f) = -2*f**3 - 14*f**2 + f + 1. Calculate v(c).
-6
Let o(p) = 2*p**2 + 20*p - 73. Suppose 3*r - 12*r = 13*r + 286. Determine o(r).
5
Suppose -25 = -3*v - x, -5*v - 2*x = 2*x - 51. Let t(w) = w**3 - 7*w**2 + 3*w + 2. Calculate t(v).
23
Let u(v) = 5*v - 55. Let w be u(11). Let k(i) = 19*i**3 + 8*i**2 - 5*i - 22. Let r(m) = 7*m**3 + 3*m**2 - 2*m - 7. Let y(n) = 3*k(n) - 8*r(n). Give y(w).
-10
Let w(f) be the first derivative of f**4/4 + 4*f**3/3 - 6*f**2 - 12*f - 882. Determine w(-6).
-12
Suppose -t - 4*t - 100 = 0. Let v(u) = -u**2 - 20*u + 17. Let o be v(t). Let z(c) = c**2 - 17*c - 5. Determine z(o).
-5
Suppose 4*w - 23429 = -3*w. Let c = 2 + 0. Let b(k) = -3*k + k**c + w - 3347. Determine b(4).
4
Let g(o) = -o**2 - 7*o + 1032. Let c be g(29). Let k(d) = d**3 + 13*d**2 + 5*d - 66. Give k(c).
18
Let y(z) = -2*z - 6. Suppose 19*a - 16*a - 96 = 0. Let r = a + -110. Let l be r/14 + (-15)/35. Calculate y(l).
6
Let r(h) = 2*h**2 - 2*h - 3. Let y be r(-2). Let i = 2 - y. Let u(n) = -1 + 2924*n**3 - 6*n**2 - 5 + 5 + 14*n - 2925*n**3 - 10*n. Calculate u(i).
20
Let b(g) be the second derivative of -1 - 1/12*g**4 + 9/2*g**2 + 48*g - 1/6*g**3. What is b(0)?
9
Let s(k) be the first derivative of k**3/3 - k**2 - 9*k - 13491. Let v be 6/9*3 + -5. Determine s(v).
6
Suppose 0 = 2*y - 5*g - 20, -y + g = 4*y - 4. Suppose -3*q + 6*q = y. Let l(t) = -15 - 400*t + 6 - 10 - t**3 + 400*t. Calculate l(q).
-19
Let r = 5 + -2. Let i(b) = 4*b + 8. Let j be i(-1). Suppose r*z - j + 24 = -5*a, -2*z = 5*a + 15. Let t(p) = -2*p + 1. Give t(a).
3
Let w(b) = -22 - 78*b**2 + 0*b - b - 8*b + 77*b**2. Let p be w(-7). Let g(t) = t**3 + 7*t**2 - 7*t + 7. What is g(p)?
-1
Let b(k) = k**2 + k + 2. Let m = 182 + -180. Let x(w) = 2*w**2 - 8. Let u be x(m). Calculate b(u).
2
Let h(f) = 7*f + 62. Let z be h(-8). Let m(i) = 5 - 5 - 1 + 3 - z*i - 4. Determine m(1).
-8
Let f(v) be the first derivative of v**2/2 + 6*v + 6769. Determine f(-4).
2
Let s = -2119 + 2113. Let c(y) be the second derivative of -1/6*y**3 + 0 + 4*y - y**2. Give c(s).
4
Let t = -4 - 31. Let g be (-1)/(t/165) + (-6)/(-21). Let s(y) = -3*y + 2. Let r(o) = 4*o - 3. Let l(a) = 2*r(a) + 3*s(a). What is l(g)?
-5
Let i(h) = -h**3 - 5*h**2 - 7*h - 2. Let u be (11 - 12)/((-6)/(-54)*3). Calculate i(u).
1
Let p(c) = 424*c - 2118. Let x be p(5). Suppose 6 = 2*q - 0. Let k(r) = -5*r**x + 5 + 3*r + 9 - 9 - r**q. Calculate k(-5).
-10
Let r(p) = 2*p**3 + 5*p**3 - 6*p**3. Let b = 96 - 94. Suppose -y - 10 = -f + b*y, -f + 4*y = -13. Give r(f).
1
Let l(s) be the first derivative of -s**3/3 + 6*s**2 + 5*s + 128. Let h be l(0). Let m(q) be the third derivative of q**4/6 + q**3/3 - 2*q**2. Give m(h).
22
Let b(u) = -26*u + 12 + 23*u + 14 - 19. Suppose -2*i = -15 + 3. Let g be b(i). Let q(o) = o**2 + 10*o - 7. Give q(g).
4
Suppose -268*h + 6 = -3*c - 267*h, 11 = -5*c + 2*h. Let i(j) = -45*j - 40. Determine i(c).
5
Let o(h) = -3 - 13 + 831*h - 838*h - 8 - 6. Calculate o(-6).
12
Let t(j) = 3*j + 2. Let w be (162/567)/(3/21). Give t(w).
8
Let s(z) = 5*z - 26. Suppose -4*r + 31 - 3 = 0. Let j(d) = 11*d - 52. Let b(u) = r*s(u) - 3*j(u). Let v be b(14). Let f(w) = 3*w + 2. Give f(v).
8
Let v(m) = 2*m**2 - m - 2. Let c(b) = 15*b**2 - 9. Let h(t) = c(t) - 3*v(t). Calculate h(-3).
69
Suppose -13*p + 6*p = -511. Suppose p*s + 42 = 79*s. Let v(i) be the first derivative of i**2/2 - 2*i - 1. Give v(s).
5
Let o(c) = -50*c**2 + 29*c**2 - 2*c + 22*c**2 - 1. Let t(g) = g**3 - 27*g**2 - 27*g - 26. Let h = 49 + -21. Let f be t(h). Calculate o(f).
-1
Let s = 9 - 10. Let w be 3 + 1 + 2 + -13 + 12. Let p(j) = w + 428*j**2 - 432*j**2 - 6. Determine p(s).
-5
Let m(g) = -5*g + 53. Let b(v) = 7*v - 39. Let s(r) = -3*b(r) - 2*m(r). Calculate s(5).
-44
Let r(c) = 6*c**3 - c**2 + c - 1. Suppose 9*l = 11*l + 5*v + 31, v = 4*l + 29. Let j be (8 - 7)*-2*4/l. Give r(j).
5
Suppose 0 = b + 1, -5*k + 2*b + 11 = 6*b. Let c(o) = 1218*o - 17. Let p(t) = 4973*t - 69. Let q(l) = -49*c(l) + 12*p(l). What is q(k)?
-13
Suppose 12 = 4*d + 84. Let g = d + 27. Let n(o) = -5*o + 16. Let j(w) = w - 4. Let v(p) = -6*j(p) - n(p). Give v(g).
-1
Let o(t) = -13*t + 8. Suppose d = 2*z - 2, 3*z + 2*d - 10 = -0*d. Calculate o(z).
-18
Let v(w) = -6*w - 2. Let q(p) = p**3 - 11*p**2 - 13*p + 15. Suppose 0 = 5*o + 1974 - 2034. Let k be q(o). What is v(k)?
-20
Let d(m) = 4*m**2 - 2*m + 1. Let j(c) = 29*c - 260. Let s be j(9). Determine d(s).
3
Let o(x) be the first derivative of x**6/120 + x**5/12 + x**2/2 - 51*x - 247. Let h(d) be the second derivative of o(d). Give h(-5).
0
Let f be 4 + (-6)/9*3. Let t(l) = 5*l - 4*l + f*l - 6 - 2*l. Let q = 1344 - 1351. Give t(q).
-13
Let d(h) be the second derivative of h**5/20 + 5*h**4/6 + 7*h**2/2 + 32*h. Let z be ((2 - -1) + -4)*10. Give d(z).
7
Let w(h) = -16*h + 9. Let b(u) = 37*u - 20. Let j(y) = 3*b(y) + 7*w(y). Suppose -o - 23 + 19 = 0. Give j(o).
7
Let g(s) = -6*s**3 - 2*s**2 + 13*s + 1. Let t(b) = -b**3 - b**2 + b + 1. Let o be ((-10)/20)/(2/(-20)). Let j(m) = o*t(m) - g(m). What is j(5)?
14
Let r(b) = b**2 + 4*b + 1. Let p(k) = -3*k**2 - 6*k + 15. Let f(w) = -p(w) - 4*r(w). What is f(-8)?
-3
Let a(o) = -o**2 + 3*o + 7. Suppose -5*j + 240 = 250. Let g = 3 - j. What is a(g)?
-3
Suppose 8*n = 10*n - 12, -4*l - 4*n = -188. Let a(q) = 5*q - 216. Calculate a(l).
-11
Let g(h) = 38*h + 541. Let n be g(-14). Let y(r) = r**2 - 13*r + 42. Determine y(n).
6
Let l(x) = 2*x**2 - 15*x - 13. Let v be l(9). Suppose -o + 18 = v. Suppose o*y + 16 = 20*y. Let s(a) = -2*a - 1. What is s(y)?
-3
Let w(j) be the first derivative of -1/3*j**3 + 3*j**2 + 5 + 2*j. Let r = -12908 - -12912. What is w(r)?
10
Let j(p) = -p**2 - 65*p - 301. Let q be j(-60). Let t(s) = 17*s**3 - s**2 - 2*s - 2. Give t(q).
-18
Let m(q) = 5*q**2 - 186*q + 184. Let n be m(1). Let v(l) be the first derivative of 1/3*l**3 + n*l**2 - 19 + 6*l. Calculate v(-4).
-2
Suppose g - l - 12 = l, -3*g = -5*l - 33. Let t(o) = -8*o**2 + o + 2 + 9*o**2 - 4 - g. Give t(6).
34
Let x(u) = -u**3 + 4*u**2 - 2*u + 7. Let p(j) = j**3 - 4*j**2 + 2*j - 8. Let a(y) = -4*p(y) - 5*x(y). Let k be (-56 - 2)*22*87/(-27753). Determine a(k).
5
Let m(o) = 3*o**2 + 0*o**2 + o - 1 + 0*o - 17*o**2. Let g = -31703 - -31704. Calculate m(g).
-14
Let n(c) = -c**2 - 13*c - 11. Suppose -165*z + 2700 = -156*z. Suppose -z = 10*v + 15*v. Determine n(v).
1
Let y be (-3)/(-1) - (3 + (-55)/(-5)). Let v(x) = 9*x**3 + 22*x**2 + 10*x - 28. Let u(p) = -5*p**3 - 11*p**2 - 6*p + 14. Let t(d) = -7*u(d) - 4*v(d). Give t(y).
-8
Let s(u) = -u**3 - u + 324 + 6*u**2 - 126 - 207. Calculate s(6).
-15
Let n(t) be the third derivative of 0*t + 1/30*t**5 + t**2 + 0*t**3 + 1/12*t**4 + 0 + 1/120*t**6. Let g = 47589 - 47591. Determine n(g).
-4
Let p(b) = b**2 + 2*b - 2*b**2 + 0 - 6*b - 5. Suppose 5*m - 98 = -73. Suppose 1 = o - m*i, -3*o + 5*i - 1 = 6. What is p(o)?
-5
Suppose 0 = j + x + 10 - 12, 0 = -j - 2*x + 1. Let q(w) = w**3 - 2*w**2 + w - 12. What is q(j)?
0
Let v(y) = y**3 + 4*y**2 + 5*y + 9. Let u be v(-3). Suppose -o = u*o. Let c(s) = s**2 + o*s - 1604 + 3*s + 1610. Calculate c(-5).
16
Let h(o) be the second derivative of 19*o**3/3 + 45*o**2/2 - 321*o + 5. Give h(-1).
7
Let o(b) = -3 - b**2 - 12*b + 13*b - b**3 + 11*b + 10*b. What is o(4)?
5
Let f(b) = -b**3 + 22*b**2 + b - 18. Let w = -2256 - -2278. What is f(w)?
4
Let y(n) = -36*n**3 - 2*n**2 + 2*n - 1. Let m(s) = -42*s**3 - 23*s**3 - 4*s + 11*s**2 + 63*s**3 - 4. Let k be m(5). Give y(k).
-37
Let w(x) = 46*x**2 - 4*x - 11. Let r(o) = 9*o**2 + o - 1. Let c(k) = 5*r(k) - w(k). Let u be 216/21 + (-2)/7. Determine c(u).
-4
Suppose -12 = 3*k, 2*k + 26 = f - 3*k. Let w(s) = s**2 + f - 12 - 16 + 0*s**2 + 4 + 9*s. Give w(-11).
4
Let r(i) = i**2 - 91*i + 1193. Let m be r(16). Let s(a) = 2 - 2 + a - 3. Determine s(m).
-10
Suppose 197 = -3*u + 2*r, 2*r + 0*r = -2*u - 128. Let l = -66 - u. Let n(z) = -z**2 - z + 1. Let i(o) = 5*o**2 - 3*o. Let v(b) = l*i(b) + n(b). What is v(-1)?
-7
Let n(c) = c**2 - 2*c - 1. Let m(d) = -16*d - 9*d + 81